e 16, what is -2 - 1d?
-1f
In base 4, what is -100 - -1302?
1202
In base 4, what is 132 - -323?
1121
In base 4, what is -111 + -21?
-132
In base 2, what is -1100 + -1101001?
-1110101
In base 16, what is -3 - -12f?
12c
In base 8, what is 256 - 10?
246
In base 3, what is -200 + -122?
-1022
In base 9, what is -284 + 5?
-278
In base 3, what is 10022 - -120?
10212
In base 13, what is 1a7 + 2?
1a9
In base 15, what is 0 + 62?
62
In base 6, what is -5 - 345?
-354
In base 9, what is -23 - -2?
-21
In base 4, what is -1013 + -221?
-1300
In base 8, what is -2265 + -2?
-2267
In base 12, what is -837 - 1a?
-855
In base 7, what is -221 - -5?
-213
In base 2, what is -10011 - 11?
-10110
In base 16, what is -2 - -f4?
f2
In base 5, what is 310 - 343?
-33
In base 5, what is -31 - 403?
-434
In base 6, what is -11155 + -4?
-11203
In base 14, what is 2c + 1?
2d
In base 13, what is 387 + -5?
382
In base 4, what is -3 - 101?
-110
In base 11, what is 237 - -10?
247
In base 16, what is 70 + -4?
6c
In base 9, what is -17 - 224?
-242
In base 8, what is -452 + -2?
-454
In base 4, what is 21 + 0?
21
In base 16, what is -c + -8?
-14
In base 6, what is -21331 + 1?
-21330
In base 4, what is 2030 + -11?
2013
In base 14, what is -1 - 6c?
-6d
In base 2, what is -1011 + 101?
-110
In base 4, what is 121011 - -10?
121021
In base 10, what is -5 + -256?
-261
In base 11, what is -2a + -62?
-91
In base 13, what is -100b + 0?
-100b
In base 8, what is 5 - 350?
-343
In base 9, what is -46 + -1?
-47
In base 13, what is b - 87?
-79
In base 8, what is 101 - 206?
-105
In base 13, what is 6 + -a4?
-9b
In base 2, what is 10111 + 0?
10111
In base 15, what is -5 - -23?
1d
In base 3, what is -2 - 1000?
-1002
In base 9, what is 145 - -16?
162
In base 15, what is 2c9 + 2?
2cb
In base 16, what is -3 + -b9?
-bc
In base 14, what is -d - -51?
42
In base 7, what is 10 - -321?
331
In base 8, what is -43 - -302?
237
In base 11, what is 5 + 48?
52
In base 5, what is -10 + -34?
-44
In base 13, what is 47 + -12?
35
In base 10, what is -4 - -150?
146
In base 8, what is 3 + -116?
-113
In base 7, what is 3 + 12321?
12324
In base 15, what is 2 + -71d?
-71b
In base 6, what is -2 + -501?
-503
In base 12, what is -15a + 3?
-157
In base 10, what is 1 + 19?
20
In base 8, what is -2717 + 4?
-2713
In base 2, what is 1110101 - -1010?
1111111
In base 8, what is 424 - 5?
417
In base 9, what is 373 - -2?
375
In base 15, what is -3 + 1b5?
1b2
In base 8, what is 107 - -203?
312
In base 11, what is 125 - 48?
88
In base 11, what is 148 - -5?
152
In base 15, what is 3 - -d82?
d85
In base 3, what is 12202 + 10?
12212
In base 2, what is -101 - 10011100111?
-10011101100
In base 14, what is -34a - 2?
-34c
In base 3, what is 0 + 1002122?
1002122
In base 6, what is 1034 + 5?
1043
In base 6, what is 2113 - 2?
2111
In base 11, what is 2333 + -4?
232a
In base 5, what is -13420 + 3?
-13412
In base 14, what is -3a + 2?
-38
In base 11, what is 92 + -20?
72
In base 5, what is 2 + -112?
-110
In base 8, what is -3 - -62?
57
In base 5, what is -14 - 240?
-304
In base 4, what is 132 - 100022?
-33230
In base 4, what is 1122 - 10?
1112
In base 7, what is 5 - 3162?
-3154
In base 2, what is -101 + 1010000000?
1001111011
In base 15, what is 46c - 2?
46a
In base 2, what is -1000100 - 1010?
-1001110
In base 10, what is 37868 + -3?
37865
In base 16, what is -12 - 38?
-4a
In base 9, what is -1 - -4222?
4221
In base 8, what is 210 - -4?
214
In base 6, what is -25 - 3?
-32
In base 3, what is 10110 - -22210?
110020
In base 6, what is 2 + -1433?
-1431
In base 11, what is 26 - -2?
28
In base 14, what is -3 + -4c?
-51
In base 4, what is -2 + -10?
-12
In base 5, what is 3 + 1?
4
In base 8, what is 21131 - -5?
21136
In base 3, what is 12220 - -110?
20100
In base 2, what is -101 - -1011000011001?
1011000010100
In base 15, what is -c + -d6?
-e3
In base 14, what is 3 - 112?
-10d
In base 16, what is -19 + -3?
-1c
In base 8, what is -1412 - 4?
-1416
In base 9, what is 7 + 56?
64
In base 2, what is 101011110 - 110101?
100101001
In base 9, what is -45 + -4?
-50
In base 11, what is -1a86 + 1?
-1a85
In base 2, what is 1000101 + -101111010?
-100110101
In base 5, what is 41 + 0?
41
In base 4, what is -11 + -1212100?
-1212111
In base 10, what is -19 - -59?
40
In base 11, what is -2 + 81?
7a
In base 8, what is 172 - -31?
223
In base 2, what is 1 - -101010001111?
101010010000
In base 6, what is 44 - -2423?
2511
In base 9, what is -1 + -228?
-230
In base 12, what is -b0 + -4?
-b4
In base 14, what is 9 - 1?
8
In base 7, what is 0 - 520?
-520
In base 2, what is 1010100 + 1100111?
10111011
In base 6, what is 0 + 5232?
5232
In base 9, what is 3 - 132?
-128
In base 3, what is -2 + 12?
10
In base 16, what is -7 + 10?
9
In base 3, what is 10200022 + -10?
10200012
In base 6, what is 253 + -44?
205
In base 5, what is -1214003 - -1?
-1214002
In base 10, what is -181 + 3?
-178
In base 13, what is 2 - 7?
-5
In base 9, what is 6 - -408?
415
In base 16, what is 11 + -2c?
-1b
In base 13, what is 0 - 23?
-23
In base 2, what is 1 - 111011?
-111010
In base 2, what is -1000010101 + 1?
-1000010100
In base 3, what is -2 + 1021?
1012
In base 6, what is -143 - 205?
-352
In base 8, what is -20 - -3?
-15
In base 5, what is -3 + -2313?
-2321
In base 3, what is 11 + -10012002?
-10011221
In base 15, what is 69 + 5?
6e
In base 2, what is -1001110 - 1001?
-1010111
In base 9, what is 2758 - -3?
2762
In base 2, what is -1000001 - -10?
-111111
In base 10, what is 6 + -263?
-257
In base 4, what is 31 + 23?
120
In base 6, what is 4 + -53?
-45
In base 11, what is -1 - -1099?
1098
In base 5, what is -10 - -420?
410
In base 8, what is -6 - 62?
-70
In base 16, what is 4 + 5f?
63
In base 6, what is -2 - 121?
-123
In base 5, what is -202 - -12?
-140
In base 13, what is 53 - 46?
a
In base 13, what is 0 + 38?
38
In base 15, what is -2 - 3c?
-3e
In base 8, what is 56 + -15?
41
In base 12, what is 3 - -16b8?
16bb
In base 9, what is -14 + 17?
3
In base 4, what is -302 + -1?
-303
In base 15, what is -30 - 5?
-35
In base 5, what is 3140 - -3?
3143
In base 15, what is 2 + 2db?
2dd
In base 3, what is 1112 + 11?
1200
In base 6, what is 3 + 114?
121
In base 15, what is 1 - ce8?
-ce7
In base 15, what is 37d - -1?
37e
In base 14, what is -d3 + 1b?
-b6
In base 14, what is -1c + 3?
-19
In base 3, what is -1002100 + -12?
-1002112
In base 15, what is 7 - -3a?
42
In base 7, what is 14 + -1130?
-1113
In base 9, what is -1 - -24?
23
In base 12, what is -111 - -71?
-60
In base 15, what is -1 + 0?
-1
In base 16, what is -1 + 82?
81
In base 2, what is 10 - -1111001?
1111011
In base 2, what is 1 + -1101?
-1100
In base 12, what is 2 - -16a?
170
In base 6, what is 3 + -113?
-110
In base 4, what is 110 + -3?
101
In base 11, what is 82 + 1?
83
In base 7, what is 0 + 61?
61
In base 11, what is -562 + -3?
-565
In base 12, what is 2 + -191?
-18b
In base 10, what is -2 + -1124?
-1126
In base 11, what is 277 + -3?
274
In base 8, what is 20 + -10?
10
In base 9, what is -222 + -3?
-225
In base 6, what is -5 - -3111?
3102
In base 7, what is 4 - -3101?
3105
In base 14, what is -325 - -4?
-321
In base 10, what is -4 + 2519?
2515
In base 3, what is -10011110 + -10?
-10011120
In base 8, what is -1361 + 5?
-1354
In base 13, what is 20a3 + 2?
20a5
In base 3, what is 1120 - -12211?
21101
In base 3, what is -1022 + 211?
-111
In base 8, what is -216 - -1?
-215
In base 9, what is 60 - -30?
100
In base 4, what is 13111 + 2?
13113
In base 2, what is 110 + 100010100101?
100010101011
In base 2, what is 11010 - 1100?
1110
In base 13, what is -26 - 88?
-b1
In base 2, what is -10 + -10010000?
-10010010
In base 2, what is 11 + 111000011?
111000110
In base 4, what is -2 + -23132?
-23200
In base 2, what is 0 - -110101010010?
110101010010
In base 9, what is -3 - 4?
-7
In base 8, what is -55 + -4?
-61
In base 15, what is 4 - -d5?
d9
In base 5, what is -4 + 110104?
110100
In base 9, what is -43 + -544?
-587
In base 6, what is 35 + -13?
22
In base 12, what is -131a + 5?
-1315
In base 4, what is 33 - 33?
0
In base 2, what is -111011101 - 10?
-111011111
In base 14, what is 7 - 236?
-22d
In base 14, what is -5 - 27a?
-281
In base 13, what is 21 + -2?
1c
In base 4, what is 1 - 101233?
-101232
In base 6, what is -2 - -33031?
33025
In base 5, what is 3 + -33422?
-33414
In base 